 when 195 is divided by q.
95
Let w = -16174 - -16378. What is the remainder when w is divided by 27?
15
Suppose -3*b - 2*x + 6*x = 99, 3*x + 107 = -4*b. Let m = 33 + b. Let p = 27 - m. Calculate the remainder when 91 is divided by p.
22
Let q = -30 - -84. Calculate the remainder when ((-27)/3 + -22)/(1/(-5)) is divided by q.
47
Let u = 36 - 88. Let t = u + 88. Calculate the remainder when t is divided by 10.
6
Let u = 6705 - 6546. What is the remainder when 601 is divided by u?
124
Suppose 6*a + 10 = 22. Suppose 0 = -3*f + 5*i + 111, -a*f - 5*i + 2*i = -55. What is the remainder when 159 is divided by f?
31
Let a(r) = 57*r + 2. Suppose 6615 = -40*g + 122*g + 53*g. What is the remainder when a(5) is divided by g?
42
Suppose 7*w = 99 - 64. Suppose -3*d = -3 + 12, 0 = -4*y - w*d + 229. What is the remainder when 239 is divided by y?
56
Let u(g) = 9*g**3 + 14*g**2 - 2*g + 1. Suppose -24*q - 760 = -32*q. Calculate the remainder when q is divided by u(1).
7
Let y(n) = n**3 - 15*n**2 + 4*n + 31. Let s be y(16). Let d = s + -349. What is the remainder when 12 is divided by d?
0
Let j be (327/6 + -4)/((-1)/(-2)). Suppose 0*x + j = x. Calculate the remainder when x is divided by 37.
27
Suppose 67*w = -0*w + 42210. Calculate the remainder when w is divided by 202.
24
Suppose 5*s - 40 = -155. Let i = s + 28. Suppose 3*x + 76 = i*j + 472, 0 = -3*x - 3*j + 420. What is the remainder when x is divided by 35?
32
Suppose a + 8*a = -3*a. Suppose a = s - 309 - 18. Calculate the remainder when s is divided by 47.
45
Suppose -8*a - 284 = -12*a. Let m = -51 + 43. Calculate the remainder when a is divided by -2 - (m/6)/((-22)/(-231)).
11
Let m = 283 + -187. Let k = 187 - m. Let q = -46 - -69. What is the remainder when k is divided by q?
22
Suppose -g + 20 = 4*g, -q - 19 = -4*g. Let j(x) = -x**2 - 4*x + 7. What is the remainder when 8*-4*10/(-20) - 2 is divided by j(q)?
4
Let o(x) = -12*x + 44. Let q be o(7). Let a = -28 - q. Let p = 24 - 20. What is the remainder when a is divided by p?
0
Let v = 2689 - 2143. What is the remainder when v is divided by 19?
14
Suppose 5*i - 848 = 2297. Suppose 631*s - 256 = i*s. Let j = 33 + -23. Calculate the remainder when s is divided by j.
8
What is the remainder when 693 is divided by 10*1 + (-61 - -73)?
11
Let i = 2480 + -2433. What is the remainder when 2015 is divided by i?
41
Suppose -94 = -i - i. Suppose c - 2*v - 34 + 4 = 0, -102 = -4*c + 2*v. Calculate the remainder when i is divided by c.
23
Calculate the remainder when (170/(-15))/(21/((-567)/6)) is divided by 19.
13
Suppose 0 = -y, 3*o + 0*y - 216 = -y. What is the remainder when o is divided by 27?
18
What is the remainder when -5 + 2/2 - 9821376/(-612) is divided by 113?
111
What is the remainder when 8968 is divided by 78/(1/1)*((-8060)/(-312) - 25)?
63
Let g = -5 - -8. Suppose 2*l + q = 9, 0 = g*l + 2*q - 6 - 6. Calculate the remainder when ((-2)/(-8) - 154/40)*6285/(-3771) is divided by l.
0
Suppose 41*v - 193 = 42*v. Let f = -160 - v. Calculate the remainder when f is divided by 10.
3
Let f be 164 + (4 - 5)*1. Suppose -133 - f = -4*x. Let n = x - -31. Calculate the remainder when n is divided by 18.
15
Let u = -18 - -26. Let m(n) be the first derivative of -2*n**2 - 55*n + 54. Calculate the remainder when m(-17) is divided by u.
5
Let o = -38 - -56. Let v be (-38)/6 + (3 - 16/6). Let x(b) = 2*b**2 - 7*b - 84. Calculate the remainder when x(v) is divided by o.
12
Let k = 718 + -703. Let u = 19 + 10. Calculate the remainder when u is divided by k.
14
Suppose 0 = 5*d - 828 + 493. What is the remainder when 236 is divided by d?
35
Let d(b) = b + 3. Let u be d(9). Suppose 3*v + u - 66 = 0. Suppose c - v = 70. Calculate the remainder when c is divided by 23.
19
Suppose -4*f = -4*x, 35*f = 30*f - 5*x. Suppose 3*h = f, -4*q + 5*h = -q - 72. What is the remainder when 103 is divided by q?
7
Let q be (-4)/(-8) + 0 - 1950/(-12). Suppose 5*o - 2*v = q, -3*o = -v - 4*v - 94. Calculate the remainder when 229 is divided by o.
31
Let v(h) = 39*h - 905. Calculate the remainder when 2662 is divided by v(24).
27
Let v = -21 - 28. Let j = 977 + -922. Let s = j + v. Calculate the remainder when s is divided by 4.
2
Let q(z) = z**3 + 11*z**2 - 4*z + 1. What is the remainder when q(-8) is divided by ((-140)/20)/(7/(-23))?
18
Let k be 2/4 - 1*(-82)/4. Suppose k*m - 4479 = 4866. What is the remainder when m is divided by 8?
5
Suppose -131*b = -58*b - 5986. Calculate the remainder when 2951 is divided by b.
81
Suppose -82*y + 13512 + 2266 = -36*y. Calculate the remainder when 1111 is divided by y.
82
Let l = -1561 + 1600. What is the remainder when l is divided by 8?
7
Let f(b) = 2 + 25*b + 4 + 3 - 26*b. Let y = 52 - 32. Calculate the remainder when y is divided by f(3).
2
Let b(p) = p**3 + 12*p**2 - 35*p - 47. Calculate the remainder when 66 is divided by b(-14).
15
Let h = -128 - -137. Calculate the remainder when 18 is divided by ((-3)/h)/((-2)/108).
0
Suppose 9 = 5*v + 29. What is the remainder when 37 is divided by 705/27 - v/(-36)?
11
Let t be (-34 + 32)/(4/(-18)). Suppose -3*c + t = -2*c - 3*o, -5*c - 5*o + 25 = 0. What is the remainder when 172 is divided by c?
4
Suppose -5*c - 2 = 3*u - 104, -27 = -u - 4*c. Suppose -2*i + 2*n = -66, 3*n + 11 = -49*i + 50*i. What is the remainder when i is divided by u?
5
Let d be 106/689 + (-1)/13*-50. Suppose -d = l, 9*b - 3*l - 147 = 6*b. Calculate the remainder when b is divided by 20.
5
Let o(u) = 35 + 15*u + 20 - 6*u - 8*u. Let t be o(0). Suppose 0 = -a - w + 10, -5*a - 3*w = 5 - t. Calculate the remainder when 18 is divided by a.
8
Suppose -c + 3*m = -117, 5*c - 447 = -2*m + 53. Let n = 109 - c. Suppose -n*p - 84 = -19*p. What is the remainder when 75 is divided by p?
5
Suppose 45*i = 41*i + 436. Suppose -3*j - 5*m + 79 = 0, j + 3*m = -3*j + i. Suppose 0 = 4*g - 2*g - 20. Calculate the remainder when j is divided by g.
8
Suppose a - 115 = k, -4*a - 3*k + 75 = -385. Suppose 245 - a = 10*m. Suppose -2*z - 126 = -4*z. Calculate the remainder when z is divided by m.
11
Suppose 715 = 2*j + 653. What is the remainder when 1580 is divided by j?
30
Let t(i) = -i**2 + 9*i + 9. Suppose 248 = 4*g + 4*v, -9 - 6 = 5*v. What is the remainder when g is divided by t(8)?
14
Let y be 0/(-3 - (0 - 1)). Let x = 2 + y. Suppose -8 = -x*s + 12. Calculate the remainder when s is divided by 7.
3
What is the remainder when (-21)/6*24166/(-301) is divided by 36?
29
Let j = -923 - -2725. Calculate the remainder when j is divided by 14.
10
Let n = 6 - 11. Let f(b) = -b**2 - 7*b - 8. Let i be f(n). Suppose -5*x + 163 = -0*x + 2*w, -i*x + 4*w + 46 = 0. What is the remainder when 57 is divided by x?
26
Let t(y) = y**3 + 13*y**2 + 11*y + 37. Let o be t(-9). Let b = -242 + o. What is the remainder when 519 is divided by b?
19
Suppose 122*g - 12668 - 8682 = 0. Calculate the remainder when 893 is divided by g.
18
Let y be (-20)/5*((-10)/(-4) - 1). Let h(m) = 10*m + 66. What is the remainder when 220 is divided by h(y)?
4
Let w be -5 - (-5 + 12 - 4). Calculate the remainder when w/(-36) + 11/(297/696) is divided by 8.
2
Suppose 20*m - 123 = -3. Calculate the remainder when 81 is divided by 56*(m/8 + 6/(-12)).
11
Suppose 3*j - 4 = 2, -q - 2*j = -8. Let o(m) = -18 + 89*m - 89 - 94*m. Calculate the remainder when q is divided by o(-22).
1
Let z = -37893 + 37993. Let f(h) = 14*h - 2. Let g be f(6). Suppose -5*y + 110 = -0*y + 5*j, 3*y - g = j. Calculate the remainder when z is divided by y.
22
Let z = -41737 - -42237. Calculate the remainder when z is divided by 245.
10
Suppose 0 = 2*q + 3*c - 85 - 40, -5*c = -35. Let p = -131 + 284. Calculate the remainder when p is divided by q.
49
Suppose -w = 4*w - 50. Suppose 5*n + 194 - 219 = 0. What is the remainder when 5/n - 1 - -37 is divided by w?
7
Let p(k) = -5*k**2 - 2*k + 6. Let q be p(5). Let v be 14/28 + q/(-2). Let b = -41 + v. What is the remainder when 94 is divided by b?
22
Suppose -4*p + 5 = 3*o, 40 = -5*o + o + 4*p. Let k be 3056/40 - 3/o. What is the remainder when 7 is divided by 4 + (6/14 - (-121)/k)?
1
Let m = -97 + 97. Suppose 0*d - 9*d + 36 = m. What is the remainder when (-9)/(-15)*-1*(0 + -35) is divided by d?
1
Let f(z) = 5*z**2 + 173*z - 54. Suppose -3*k = i - 19, 0 = -0*i + i + 2*k - 22. Calculate the remain